{"id":20,"date":"2021-07-27T18:49:34","date_gmt":"2021-07-27T21:49:34","guid":{"rendered":"http:\/\/192.168.0.106\/stacione\/?page_id=20"},"modified":"2025-04-01T14:27:32","modified_gmt":"2025-04-01T17:27:32","slug":"erechim","status":"publish","type":"page","link":"https:\/\/stacionepay.com.br\/site\/erechim\/","title":{"rendered":"Stacione Erechim"},"content":{"rendered":"\n<h2>COMO FUNCIONA<\/h2>\n\n\n\n<p>Conhe\u00e7a melhor o <strong>Stacione Rotativo<\/strong>,<br>um sistema moderno e pr\u00e1tico que facilitar\u00e1 ao usu\u00e1rio a encontrar<br>uma vaga para estacionar no centro de Erechim.<\/p>\n\n\n\n<p><strong>Sede Erechim<\/strong><\/p>\n\n\n\n<p>Rua Nelson Ehlers 180 &#8211; Sala 101, Centro<br><meta charset=\"utf-8\">Telefone: 0800 5917541<\/p>\n\n\n\n<div style=\"height:50px\" aria-hidden=\"true\" class=\"wp-block-spacer\"><\/div>\n\n\n\n<h4>CONHE\u00c7A AS REGRAS PARA ERECHIM:<\/h4>\n\n\n\n<div style=\"height:51px\" aria-hidden=\"true\" class=\"wp-block-spacer\"><\/div>\n\n\n\n<h2 class=\"has-white-color has-text-color\"><strong>HOR\u00c1RIO DE FUNCIONAMENTO<\/strong><\/h2>\n\n\n\n<div style=\"height:50px\" aria-hidden=\"true\" class=\"wp-block-spacer\"><\/div>\n\n\n\n<figure class=\"wp-block-table is-style-stripes\"><table><tbody><tr><td>SEGUNDA \u00c0 SEXTA<\/td><td><strong>S\u00c1BADOS<\/strong><\/td><\/tr><tr><td>das 08:00 \u00e0s 12:00<br>das 13:00 \u00e0s 18:00<\/td><td>das 08:00 \u00e0s 12:00<\/td><\/tr><\/tbody><\/table><\/figure>\n\n\n\n<div style=\"height:51px\" aria-hidden=\"true\" class=\"wp-block-spacer\"><\/div>\n\n\n\n<h2 class=\"has-white-color has-text-color\"><strong>TARIFAS<\/strong><\/h2>\n\n\n\n<figure class=\"wp-block-table is-style-stripes\"><table><tbody><tr><td class=\"has-text-align-center\" data-align=\"center\">R$ 3,00 por hora<\/td><td class=\"has-text-align-center\" data-align=\"center\">Zona Azul<\/td><\/tr><tr><td class=\"has-text-align-center\" data-align=\"center\">R$ 1,50 por hora<\/td><td class=\"has-text-align-center\" data-align=\"center\">Zona Verde<\/td><\/tr><\/tbody><\/table><\/figure>\n\n\n\n<div style=\"height:51px\" aria-hidden=\"true\" class=\"wp-block-spacer\"><\/div>\n\n\n\n<div style=\"height:50px\" aria-hidden=\"true\" class=\"wp-block-spacer\"><\/div>\n\n\n\n<p><div id=\"container-slide\"><\/div><br><br><\/p>\n\n\n\n<p>O usu\u00e1rio poder\u00e1 utilizar as vagas da \u00c1rea Azul de Erechim durante o dia todo, devendo mudar o ve\u00edculo de vaga dentro do per\u00edodo definido para a \u00e1rea onde estacionou.<br>O per\u00edodo m\u00e1ximo para estacionamento em uma vaga \u00e9 de 2 horas consecutivas.<br>Os usu\u00e1rios que n\u00e3o efetuarem o pagamento receber\u00e3o uma notifica\u00e7\u00e3o e a n\u00e3o quita\u00e7\u00e3o acarretar\u00e1 no recebimento de um auto de infra\u00e7\u00e3o por parte dos usu\u00e1rios.<\/p>\n\n\n\n<div style=\"height:50px\" aria-hidden=\"true\" class=\"wp-block-spacer\"><\/div>\n\n\n\n<div class=\"contenedor\"><iframe class=\"video\" src=\"https:\/\/www.youtube.com\/embed\/tovUag2ovWA\" allowfullscreen=\"\"><\/iframe><\/div>\n\n\n\n<div style=\"height:50px\" aria-hidden=\"true\" class=\"wp-block-spacer\"><\/div>\n\n\n\n<h2 class=\"has-text-align-center has-white-color has-text-color\"><strong> <strong>Perguntas frequentes<\/strong> <\/strong><\/h2>\n","protected":false},"excerpt":{"rendered":"<p>COMO FUNCIONA Conhe\u00e7a melhor o Stacione Rotativo,um sistema moderno e pr\u00e1tico que facilitar\u00e1 ao usu\u00e1rio a encontraruma vaga para estacionar no centro de Erechim. Sede Erechim Rua Nelson Ehlers 180 &#8211; Sala 101, CentroTelefone: 0800 5917541 CONHE\u00c7A AS REGRAS PARA ERECHIM: HOR\u00c1RIO DE FUNCIONAMENTO SEGUNDA \u00c0 SEXTA S\u00c1BADOS das 08:00 \u00e0s 12:00das 13:00 \u00e0s 18:00 &hellip; <\/p>\n<p class=\"link-more\"><a href=\"https:\/\/stacionepay.com.br\/site\/erechim\/\" class=\"more-link\">Continue reading<span class=\"screen-reader-text\"> &#8220;Stacione Erechim&#8221;<\/span><\/a><\/p>\n","protected":false},"author":1,"featured_media":0,"parent":0,"menu_order":0,"comment_status":"closed","ping_status":"closed","template":"","meta":[],"_links":{"self":[{"href":"https:\/\/stacionepay.com.br\/site\/wp-json\/wp\/v2\/pages\/20"}],"collection":[{"href":"https:\/\/stacionepay.com.br\/site\/wp-json\/wp\/v2\/pages"}],"about":[{"href":"https:\/\/stacionepay.com.br\/site\/wp-json\/wp\/v2\/types\/page"}],"author":[{"embeddable":true,"href":"https:\/\/stacionepay.com.br\/site\/wp-json\/wp\/v2\/users\/1"}],"replies":[{"embeddable":true,"href":"https:\/\/stacionepay.com.br\/site\/wp-json\/wp\/v2\/comments?post=20"}],"version-history":[{"count":16,"href":"https:\/\/stacionepay.com.br\/site\/wp-json\/wp\/v2\/pages\/20\/revisions"}],"predecessor-version":[{"id":367,"href":"https:\/\/stacionepay.com.br\/site\/wp-json\/wp\/v2\/pages\/20\/revisions\/367"}],"wp:attachment":[{"href":"https:\/\/stacionepay.com.br\/site\/wp-json\/wp\/v2\/media?parent=20"}],"curies":[{"name":"wp","href":"https:\/\/api.w.org\/{rel}","templated":true}]}}